 = 14 - 12. Determine c(w).
6
Let r(w) = -w**3 + 4*w**2 - w + 4. Let d be ((-4)/(-3) + -1)*0. Suppose -4*c + 2*c - u + 6 = 0, -3*c + u + 14 = d. Give r(c).
0
Let r(a) = -a**2 + 4*a - 2. Suppose 7 = 4*d - 1. What is r(d)?
2
Suppose j - 3 - 10 = -3*m, -5*j = -4*m + 49. Suppose -3*t - 4*p + m = -t, 4*p + 8 = 0. Let g(l) = l**3 - 7*l**2 + l - 3. Calculate g(t).
4
Let f(s) be the second derivative of -s**4/12 + s**3/3 + s**2 + 5*s. Let t(c) = -c - 1. Let l(v) = -f(v) - 3*t(v). Give l(-1).
1
Let z(j) be the third derivative of -j**6/120 + j**5/10 - j**4/6 + j**3/6 - j**2. Let q = 2 - 2. Suppose q = 2*s + 2*s - 20. Give z(s).
6
Suppose g = -4*a - 0*g + 8, 0 = 4*a - g. Let b(j) be the third derivative of 1/6*j**3 + 0 - 1/24*j**4 - 2*j**2 + 1/60*j**5 + 0*j - 1/120*j**6. What is b(a)?
0
Let x(a) be the second derivative of -a**4/12 - 5*a**3/6 + 2*a**2 - 25*a. Determine x(-8).
-20
Let s(z) be the first derivative of -2*z**2 - 5*z - 24. What is s(5)?
-25
Let f(g) = 5*g - 2. Let r(l) = 6*l - 3. Let c(b) = -5*f(b) + 4*r(b). Suppose 3*a - 21 = -39. Determine c(a).
4
Let y be ((-2)/(-4))/((-5)/10). Let r(l) = 2*l**3 - l - 1. Give r(y).
-2
Let t(m) be the third derivative of -m**6/120 + m**5/60 + m**4/12 - m**3/3 - 2*m**2. Let r be 6 + (3 - (2 + 2)). Suppose -r*i + 1 = -9. Determine t(i).
-2
Suppose -6 = -f + 6. Suppose 4 = -4*x - f. Let d(s) = -4*s - 28*s**3 + 86*s**3 - 2 + 3*s**2 - 31*s**3 - 26*s**3. Calculate d(x).
-2
Suppose 4*c - c = 4*w - 4, -w - 5*c + 24 = 0. Let x(l) = l**3 - 6*l**2 + 6*l. What is x(w)?
-8
Let g(t) = -5*t**3 + 4*t - 6. Let a(h) = 4*h**3 - h**2 - 3*h + 6. Let c(m) = -6*a(m) - 5*g(m). Calculate c(-6).
6
Let r(k) = 2*k + 1 + 2*k + 0 + 0. Let x(m) = -2*m. Let a(d) = 6*r(d) + 11*x(d). What is a(-6)?
-6
Let s(t) = -2*t + 4. Let w(u) = 2*u**3 + 46*u**2 - 2*u - 50. Let f be w(-23). Determine s(f).
12
Suppose l + 1 = 13. Suppose 2*p = -p - l. Let o(f) = -f**2 - 6*f - 5. Calculate o(p).
3
Let o(w) = -7*w**2 - w + 5. Let f(s) = -4*s**2 + 2. Suppose -17 = -5*l - 2. Let y(i) = l*o(i) - 5*f(i). Give y(-4).
1
Suppose -8 = -s - 3. Let z(t) = 14*t**2 + 12*t + 9. Let a(x) = -5*x**2 - 4*x - 3. Let d(g) = -17*a(g) - 6*z(g). What is d(s)?
2
Let a(s) be the third derivative of s**5/20 + s**4/6 + s**3/3 + 10*s**2. Calculate a(-2).
6
Let n(u) be the third derivative of u**4/24 + u**3/6 + u**2. Let o be n(-2). Let i(y) = -3*y**3 - 2*y**2 - 2*y - 1. What is i(o)?
2
Let d(n) be the third derivative of n**6/120 + n**5/30 + n**4/24 - n**3/2 + 11*n**2. Calculate d(-3).
-15
Suppose -6 = -a - a. Let n(d) = -d**3 + d**2 - d - 1. Let w(t) = -t**3 - t**2 - 2*t + 1. Let z(h) = -2*n(h) + w(h). Determine z(a).
3
Let w(b) = -2*b**2 - 7*b - 9. Let l(c) = 3*c**2 + 6*c + 10. Let j(i) = 3*l(i) + 4*w(i). Calculate j(10).
-6
Let y(l) = -l**2 - 13*l - 27. Let i be y(-11). Let a(o) = -o**2 - 5*o - 3 + 0*o**2 + 0. Give a(i).
-3
Let m be (2/6)/((-3)/(-18)). Let s(g) = 5 + 2*g**2 + g**2 - 2*g**m. What is s(0)?
5
Let z(q) be the first derivative of -q**3/3 - q**2 + 2*q + 1. Let b be 9/(-12) + (-38)/(-8). Let c be (2 + -8)/(6/b). What is z(c)?
-6
Let d be (-1)/(-1) - 3/1. Suppose -2*h - 12 + 2 = 4*l, 5*h + 5*l + 5 = 0. Let x(j) = -3*j**2 + 2*j**h - 3*j**3 + 2*j**2. What is x(d)?
4
Let o(k) = k**2 + 7*k + 6. Let m be 34/(-6) + (-36)/27. Give o(m).
6
Let m = 17 - 12. Let d(q) = q**2 - 4*q. Give d(m).
5
Let q = 11 - 18. Let r = 10 + q. Let n(g) = -3 - 2*g - r + g. Calculate n(0).
-6
Let s(w) = w**2 - 9*w + 11. Let y be s(8). Let c(a) = -a**3 + a**2 + 4*a - 3. Give c(y).
-9
Let s(n) be the second derivative of n**3/6 - n**2 + 20*n. Let y(m) = -2*m**3 + 4*m**2 - 2*m - 2. Let q be y(2). What is s(q)?
-8
Let h = -14 - -15. Let u(q) = q + h - q**2 + 0*q - 2. Suppose -4*o - 12 = 0, 6*o + 7 = 4*l + 5*o. Determine u(l).
-1
Let i = -11 + 15. Let r(x) = -x**3 + 3*x**2 + x. Let h(c) = -5*c**3 + 14*c**2 + 6*c. Let t(y) = 2*h(y) - 11*r(y). Calculate t(i).
-12
Let l(j) be the second derivative of -j**4/12 - 7*j**3/6 - 3*j**2 + 33*j + 1. Let g = 9 + -13. What is l(g)?
6
Let y(d) be the first derivative of -d**5/120 - 2*d**3/3 + 1. Let n(f) be the third derivative of y(f). Give n(-2).
2
Let u(z) = 4 + 8*z**2 - 147*z**3 - 7*z**2 + 146*z**3. Give u(0).
4
Let s(j) = j**3 - 6*j**2 + 6*j + 4. Suppose n + 4*u - 25 = 0, -5*n + 35 = -2*n + 4*u. Give s(n).
9
Let w be (1 + -3)/(1 + -2). Let y(f) = 2*f**3 - 3*f**w + 4*f**2 - f**3 + 9. Let i = -61 + 61. What is y(i)?
9
Let n be 9/(-12) + 2/(-8). Let f(t) be the first derivative of 3*t**4/4 - 2*t**3/3 - t**2 - t + 46. Calculate f(n).
-4
Let k(z) = -z**2 + z + 5. Let d be 0/(-3*(-4)/12). Let x = d - 0. Calculate k(x).
5
Let c(a) = -a**2 - 8*a + 13. Let r be c(-9). Let l(j) be the third derivative of -j**4/24 + j**3/3 + j**2. What is l(r)?
-2
Let m(i) be the second derivative of i**4/12 + i**3 + 2*i**2 - 3*i. Give m(-4).
-4
Let m be 24/(-9) + (-3)/9. Let q(f) = -f**2 - 5*f - 3. Let x be q(m). Let v(g) = -g**2 + 2 - 2 + 3*g. Determine v(x).
0
Let n(v) = -v**2 + 7*v - 5. Let m(q) = -q**3 - 10*q**2 - 9*q + 7. Let a be m(-9). What is n(a)?
-5
Let t be -4*3/2 - -1. Let w(s) = -s**2 - 3*s + 6. What is w(t)?
-4
Let p(m) = 4*m + 1. Let a be -2 - (-4)/(4 - 0). What is p(a)?
-3
Let j(l) be the first derivative of -1/3*l**3 + 3*l**2 + 5*l + 6. What is j(6)?
5
Let a(h) be the second derivative of -h**5/20 - 2*h**4/3 - 3*h**3/2 - 5*h**2/2 + 20*h. Calculate a(-7).
9
Let t(a) be the first derivative of 2*a**2 - 4*a + 59. What is t(3)?
8
Let j(n) = -n**2 + 8. Let m be (-1)/((-3)/(-24*1)). Let x = m + 8. What is j(x)?
8
Let f(v) = 3*v**2 - 3*v - 1. Let o = -154 + 152. Calculate f(o).
17
Let a = -1 + 6. Let w(o) = a*o**2 + 2*o - o + o - 1. Determine w(1).
6
Let v be 5/1 + 0 + -1. Let o(j) = v*j + 3 - j**2 - 3 + 4 - 1. Determine o(4).
3
Let z(d) = 6*d**2 + 7*d - 15. Let u(v) = -3*v**2 - 4*v + 8. Let g(q) = -11*u(q) - 6*z(q). Let p(x) = x**3 + 4*x**2 - 6*x - 3. Let n be p(-5). Calculate g(n).
-6
Let p be ((-2)/3)/(1/9). Let i be (3 - -2)/(-5 - p). Let d(g) = g**3 - 6*g**2 + 5*g + 3. Determine d(i).
3
Suppose -4*v = -v. Let o(d) be the first derivative of d**2/2 - d - 2. Calculate o(v).
-1
Let x(d) = -4*d + 3. Let b(u) = -u + 1. Let z(p) = -b(p) + x(p). Calculate z(3).
-7
Let g(u) = 5*u**3 + 9*u**2 - 31*u - 24. Let p(b) = b**3 + 2*b**2 - 6*b - 5. Let l(k) = -2*g(k) + 11*p(k). Let q = 75 + -80. Calculate l(q).
-12
Let g(y) = 5*y**3 + 3*y**2 + 4*y - 7. Let j(z) = -6*z**3 - 4*z**2 - 4*z + 8. Let i(v) = 7*g(v) + 6*j(v). Calculate i(-3).
-13
Suppose -5*d = -2*l - 8, -3*l - 4*d + 18 + 16 = 0. Let t(k) = -4*k**2 - 5 + 0 + 5*k**2 - l*k. Calculate t(6).
-5
Let n(k) = k**2 - 5*k + 1. Let c be n(3). Let x(h) = h + 1. Let w(d) = d. Let z(g) = -3*w(g) + 6*x(g). What is z(c)?
-9
Let p(v) be the first derivative of 2 + 0*v + 2*v**2 - 1/3*v**3. Let j be 2*3/6 - -4. What is p(j)?
-5
Let m(y) = 3*y**2 - 3*y - 15. Let g(d) = -1. Let t be 2/6*(-5 + 8). Let c(z) = t*m(z) - 15*g(z). What is c(2)?
6
Let c = -20 - -17. Let w(x) = -x**3 - 3*x**2 - 4*x - 3. Calculate w(c).
9
Let s(k) = k**2 - 7*k + 9. Let l(m) = m**2 - 7*m + 10. Let b(o) = -3*l(o) + 4*s(o). What is b(6)?
0
Let g(u) = u - u + 2 - 2*u - 6. Suppose 3*n + 2*n - 8 = 2*d, -3*d - 3*n + 30 = 0. Suppose d*s = s - 20. Determine g(s).
4
Suppose 10 = 5*i - 0*i. Let d(y) = 5*y**2 + 2 + 12*y**2 + 7*y - 16*y**i. Determine d(-6).
-4
Let s be 2/5 + 8/5. Let t(a) be the second derivative of 0*a**3 - 1/12*a**4 + 0 + 3*a - a**2 + 1/20*a**5. Determine t(s).
2
Let s(t) be the third derivative of t**4/24 - t**3/2 - 10*t**2. What is s(2)?
-1
Let a be (2 - 1)*(1 - 4). Let d = -5 + 7. Let u(x) = -3*x + d*x + 3*x. Determine u(a).
-6
Suppose -b + 3*b + 16 = 0. Let y be (-3 - -4)/(2/b). Let w(c) = -3*c + 4*c + c**2 + c**3 + 4*c**2 + 5*c + 4. Calculate w(y).
-4
Suppose -2*z = -n - 1, -2*z = 4*n - 23 + 7. Let r(g) = 2*g + 1 - 4 - n + 3. Calculate r(5).
7
Suppose 5*j - n = -4, 2*j - 16 = -3*j - 4*n. Suppose j = 4*m + 4 - 20. Let u(y) = 2*y - 3. What is u(m)?
5
Let v(n) be the first derivative of -n**4/4 + 2*n**3 - n**2/2 + 2*n + 7. Suppose 3*z + 3*b = 15, 3*b - b = -5*z + 28. Give v(z).
-4
Let g(i) be the second derivative of 0 + 1/2*i**3 - 1/12*i**4 + 3*i + 1/2*i**2. Suppose 2*v = a + 1, 3*v + 2*v = 2*a + 4. Give g(a).
1
Suppose 2*m - h = -1, 2 = 2*m + 2*h - 12. Let t be m/1